*p + 3 = -g + 2, -2*g + 3*p + 1 = 0. Let y(j) = j**2 - 4*j. Calculate y(g).
-4
Suppose 5*s - 3*r = -5 + 32, -s - 4*r - 13 = 0. Let m(b) be the second derivative of 4 - 1/2*b**2 - 2/3*b**3 + b - 1/20*b**5 + 1/3*b**4. What is m(s)?
-4
Suppose 18*a - 2438 + 2546 = 0. Let p(v) = -v**3 - 8*v**2 - 9*v - 10. Calculate p(a).
-28
Let c(g) = 10*g**2 + 16*g + 174. Let w(d) = -d**2 - d - 15. Let j(p) = -c(p) - 12*w(p). Give j(3).
12
Let o(l) = -120*l - 20 - 21*l**2 + 60*l + 17 - 3*l**2 + 26*l**2 + 62*l. Suppose -10 = 2*y - z, 6*y + z = y - 11. Determine o(y).
9
Let d = 4 + -9. Suppose -188 = -3*y - 38. Let u(x) = -2*x**2 + x**2 - 54*x + y*x + 6. Determine u(d).
1
Let y(z) = -11*z - 70. Let u(a) = 56*a + 348. Let n(j) = -2*u(j) - 11*y(j). Determine n(-9).
-7
Let x(v) = -11*v**3 - 17*v**2 - 20. Let o(j) be the first derivative of j**4 + 2*j**3 + 7*j + 79. Let a(n) = -17*o(n) - 6*x(n). What is a(2)?
-15
Let q be 2*3 - 68*(-15 + 14). Let f be 0 - 10 - (66 - q). Let z(l) = -l**2 - 3*l - 6. What is z(f)?
-4
Let z(h) = 183693547*h - 4 - 183693552*h + 4. Let v = 5 - 2. Suppose a = 4*a - v. Determine z(a).
-5
Suppose 635 = 9*r + 500. Let z(q) = -q**2 + 22*q - 37. Determine z(r).
68
Let d(x) be the first derivative of x**3/3 - 5*x**2/2 - x - 1. Let b(q) = -3*q**2 - 10*q + 1 + q + 18*q. Let f(o) = -2*b(o) - 5*d(o). What is f(-5)?
-7
Suppose -4*a + 3*p = -15, 5*p - 18 + 8 = -5*a. Let g(x) = x**3 - 3*x + 1 + 10*x**2 + 12*x + 6*x**a - 6*x**3. Give g(-9).
1
Let m(v) = 7*v + 4*v + 3*v - 21*v + 8*v - 41. Determine m(13).
-28
Suppose 525*y + 651 = -399. Let l(i) = -4*i**3 - 4*i**2 + 1 + 3*i + 5*i**3 + 5*i**2. Calculate l(y).
-9
Let z(v) = -v**2 - 2*v - 4. Let u(g) = -7*g**2 + 28*g + 8. Let s be u(7). Let m = s - -139. Determine z(m).
-4
Let k(r) = -15*r + 92. Let p be k(6). Let n(g) be the first derivative of 2*g**3/3 - 2*g - 1. Determine n(p).
6
Let q(y) = 3*y**3 - y**2 + 8*y + 4. Let x(m) = 8*m**3 + 17*m + 13. Let r(f) = -5*q(f) + 2*x(f). Give r(-5).
36
Let p = -126 + 127. Let s(j) = 1 - 735*j**2 + 736*j**2 + p - 8*j + 4. Determine s(8).
6
Let w(n) = -8*n**2. Let v be (8/32)/(((-15)/12)/(-5)). Determine w(v).
-8
Let j(r) = -r**3 + 6*r**2 - 6. Let k be -1 + -8 + 4 + -134. Let a = -133 - k. Calculate j(a).
-6
Let i(f) = -13*f**2 + f - 4*f**3 + 12*f**3 - 7*f**3 - 11. Let a(v) = -v**2 + 13*v - 27. Let d be a(5). Determine i(d).
2
Let t(d) be the second derivative of d**3/3 + 5*d**2/2 + d. Suppose -29 = -5*c - 144. Let u(r) = r**3 + 22*r**2 - 24*r - 29. Let b be u(c). What is t(b)?
-7
Let o(y) be the first derivative of -y**2/2 - 13*y + 1972. What is o(-15)?
2
Let b(k) = -4*k - 117. Let w be ((-10)/(-15))/((-11)/489) + 12/(-33). Calculate b(w).
3
Let n(x) be the first derivative of x**4/12 + 5*x**3/6 - 13*x**2/2 - 113*x + 215. Let f(r) be the first derivative of n(r). Calculate f(-8).
11
Let r(z) = 5*z - 51 - 2*z + 55 - 3*z + z + 5*z**2. Give r(3).
52
Let k(y) = -3 - 2*y + 0*y + 4*y. Let s be ((0 - -2) + 0)*(183 + -1). Let i = 368 - s. Give k(i).
5
Let m(a) be the first derivative of -a**3/3 - 7*a**2/2 - a - 89. Let r(g) = -3*g - 2*g - 4 + 3. Let v be r(1). Calculate m(v).
5
Suppose 36*i - 32*i = 0. Let y(c) = -c**3 + 2*c**2 - c + 31. Let p be y(i). Suppose q - 12 + p = -4*z, -5*q + 4*z = -25. Let g(u) = -8*u**3. Give g(q).
-8
Suppose 11 = -5*o + 26. Suppose 2*b + 14 = 2*c, 4*b + 13 = -o*c - 1. Let j(m) = -39*m**2 - m + 34*m**c + 0*m. Determine j(1).
-6
Let c(a) = 61*a + 62. Let i(o) = 73*o + 63. Let l(f) = -5*c(f) + 4*i(f). Give l(-5).
7
Suppose 28*g - 944 = -860. Let o(q) = -3*q**3 + 2*q**2 - q + 1. Determine o(g).
-65
Suppose 5 = a - 1. Let b(h) = -a*h**2 - h + 10*h + 5*h**2 - 6. Let q(m) = 3*m - 52. Let t be q(20). What is b(t)?
2
Let h = -22220 + 22224. Let w(i) be the first derivative of -i**4/4 + i**3 + i**2/2 - 5*i - 1. What is w(h)?
-17
Let n be (2 + 7 - 6)*4/6. Let t(i) = 24 - i - 50 - 2*i**3 + 24 - n*i**2 + i**3. Let q = 31 - 34. Determine t(q).
10
Let f = 66 + -61. Suppose -f*b - 25 = -5*v - 0*b, 4*v = 5*b + 25. Let a(g) = -4 + 10 + g - 2*g. Give a(v).
6
Let v(f) = 631481 + 5*f - 631582 + f. Determine v(16).
-5
Let a be -2 - 259/(-49) - (10 - (-68)/(-7)). Let i(l) = -l**3 + 2*l**2 + 2*l - 17. Determine i(a).
-20
Let j be (0 + -2 + (-12)/(-5))*40. Let k = 12 - j. Let t(n) = n**3 + 5*n**2 + 4*n - 8. Let g(b) = b - 1. Let a(o) = -3*g(o) + t(o). Calculate a(k).
7
Let g(h) = -4*h**2 - 5*h**2 - h**3 + 0*h**3 - 2*h - 6. Let k be (-19628)/2103 - (-2)/6. Determine g(k).
12
Let i be (-2)/8 - 2409/44. Let j = 68 + i. Let s(v) = j*v - v**3 - 6*v**2 + 3 + 2*v - 8*v. Give s(-7).
3
Let u(p) = 3*p**3 + p + 1. Let w = -55 + 23. Let a = 113 + w. Let r = a - 82. Determine u(r).
-3
Let d(w) = 2*w**2 - 28*w + 27. Suppose -22 = -3*a + 2*z, 0 = -740*a + 744*a + z - 55. Calculate d(a).
-21
Let s be 3*(4 - 3) - -240. Suppose 4*y - s = -5*y. Suppose 3*l - y = -15. Let r(a) = -a**2 + 2*a - 2. Determine r(l).
-10
Let a(c) be the third derivative of c**4/12 + 6*c**3 - 224*c**2 + 5. Give a(-29).
-22
Let w(h) = -45*h**2 - 1. Let o = 654 + -575. Suppose -6*b = -o + 73. Give w(b).
-46
Let g be (-12 - 0) + 4 + (-138)/23. Let x(z) = 2*z**2 + 24*z - 60. Determine x(g).
-4
Suppose 0*y + 4*y = -24. Let p(d) be the second derivative of d**5/20 + 5*d**4/12 - 7*d**3/6 - 3*d**2 + 7401*d. Determine p(y).
0
Let a(t) = -29*t - 10 - 10 - 32*t + 86*t - 29*t. What is a(-7)?
8
Let i(y) be the first derivative of -1/4*y**4 - 8/3*y**3 - 4*y - 45 + 9/2*y**2. What is i(-9)?
-4
Let s be (3/(-6))/(1/(-2)). Let v(p) = -75*p - 13. Let d(m) = 42*m + 8. Let z(j) = -5*d(j) - 3*v(j). Give z(s).
14
Let v(d) be the first derivative of 15 + 3/2*d**2 - 1/4*d**4 - 4/3*d**3 - 6*d. Determine v(-5).
4
Let n(j) = -5*j + 24. Let c be (-6)/1*(-24)/144. Let p(y) = y - 3. Let u(z) = c*n(z) + 6*p(z). Calculate u(-7).
-1
Let b(k) be the second derivative of 3*k**3 - 93*k**2/2 + 5*k - 56. What is b(5)?
-3
Let m be (-3)/(-15)*105/42. Let r(j) be the second derivative of -m*j**3 + 8*j + 1/20*j**5 + 0 - 1/4*j**4 + 0*j**2. Give r(3).
-9
Let w(t) = -t**2 + 3*t - 3. Suppose 2*x + 5*s - 141 = 0, 0 = 2*x + 2*x - 4*s - 240. Let k be (7/((-28)/12) - -61) + 2. Let h = x - k. Determine w(h).
-3
Let l(q) = 11*q**2 + 19*q - 12. Suppose 2*o = -17*o - 114. Let z(g) = -31*g**2 - 55*g + 35. Let k(y) = o*z(y) - 17*l(y). Give k(9).
-24
Suppose -4 = 2*m - 6. Let f(u) = m + 3 + u - 2. Let d = 2452 - 2446. Give f(d).
8
Let h(g) = g + 15. Let w be h(-11). Suppose w*b = 10*b + 18. Let j(t) = -7*t + 15. Let z(c) = 4*c - 6. Let p(s) = -3*j(s) - 7*z(s). Determine p(b).
18
Suppose 55 = 1449*j - 1438*j. Let u(w) = -7*w + 26. Give u(j).
-9
Let t(v) = 3*v + 2. Let h be t(0). Suppose x = h*x. Let z(q) = -198*q**2 + 197*q**2 + q - 2 + x. Calculate z(0).
-2
Suppose -2*q + 66 = -13*q. Let i(h) be the third derivative of -h**5/60 - 5*h**4/12 - 4*h**3/3 - 149*h**2. Give i(q).
16
Let n(c) = c**3 + 5*c**2 - 8*c + 1. Suppose 4*h + 21 = -5*k + 4, -9 = 3*k + 2*h. Let s be -4 + 1*k/((-5)/(-10)). Determine n(s).
13
Let g(d) = 16*d**2 + 50*d + 4. Let q(u) = -2*u**2 - 43*u - 44. Let m be q(-1). Give g(m).
-2
Let j be (-11 - -14)*((-40)/(-80))/(1/2). Let g(s) = 33*s + 3. What is g(j)?
102
Let u(l) = -l**2 - 8*l - 4. Let x be (3/(-5))/((-2)/10). Suppose -4*h = x*m - 10 - 26, 2*m = 2*h - 18. Suppose h*a + 35 = 4*a. What is u(a)?
3
Suppose -4*n + 32 = 4*n. Suppose -16*l + 20 = n. Let q(d) = 10*d**2 - d. Calculate q(l).
9
Let d(n) be the second derivative of 0*n**2 - 1/6*n**3 + 0 + 8*n. Let f(g) = -6*g - 29. Let l be f(-5). Determine d(l).
-1
Let s(j) = 8*j**3 - 3*j**2 - 2*j. Let g be s(-1). Let z be 1/(((-36)/(-16))/g). Let q(u) = u**2 + 4*u + 3. Determine q(z).
3
Let h(d) be the first derivative of -d**4/2 - 2*d**3 - d**2/2 - 6*d + 9313. Calculate h(-5).
99
Let x = 9 - 7. Let j(k) = -9*k**2 + 9*k**2 - 5 - k**x + 5*k. Let s(a) = -16*a - 155. Let y be s(-10). Calculate j(y).
-5
Let a = -3795 - -3802. Let d(k) = k**3 - 7*k**2 - 6*k - 7. Give d(a).
-49
Let u(p) = -p - 11. Let m(l) = 1. Let s(o) = 3*m(o) + u(o). Suppose 66 = -11*a + 6*a - a. Determine s(a).
3
Let j = 10398 + -10401. Let w(f) = f**2 - 2*f - 23. Determine w(j).
-8
Let v = -10 - -16. Let i = -164 + 167. Let x(u) = -45 + u - 45 + u - u**i + 87 + 6*u**2. Calculate x(v).
9
Let l be -7*((-17540)/168 + (-5)/30). Let g = 738 - l. 